{"id":401,"date":"2024-10-03T10:02:36","date_gmt":"2024-10-03T10:02:36","guid":{"rendered":"http:\/\/mapa-tatr.com.pl\/szlaki\/?page_id=401"},"modified":"2024-10-03T10:10:00","modified_gmt":"2024-10-03T10:10:00","slug":"mapy-miast","status":"publish","type":"page","link":"http:\/\/mapa-tatr.com.pl\/szlaki\/mapy-miast\/","title":{"rendered":"Mapy miast"},"content":{"rendered":"\n<h2 class=\"wp-block-heading\">Mapy najwi\u0119kszych miast w Polsce<\/h2>\n\n\n\n<p><a title=\"Mapa Be\u0142chatowa\" href=\"https:\/\/streetmap.pl\/belchatow\">Be\u0142chat\u00f3w<\/a> | <a href=\"https:\/\/streetmap.pl\/bialystok\">Bia\u0142ystok<\/a> | <a href=\"https:\/\/streetmap.pl\/bielsko\">Bielsko-Bia\u0142a<\/a> | <a href=\"https:\/\/streetmap.pl\/bydgoszcz\">Bydgoszcz<\/a> | <a href=\"https:\/\/streetmap.pl\/bytom\">Bytom<\/a> | <a href=\"https:\/\/streetmap.pl\/chorzow\">Chorz\u00f3w<\/a> | <a href=\"https:\/\/streetmap.pl\/czestochowa\">Cz\u0119stochowa<\/a> | <a href=\"https:\/\/streetmap.pl\/dabrowagornicza\">D\u0105browa G\u00f3rnicza<\/a> | <a href=\"https:\/\/streetmap.pl\/elblag\">Elbl\u0105g<\/a> | <a href=\"https:\/\/streetmap.pl\/gdansk\">Gda\u0144sk<\/a> | <a href=\"https:\/\/streetmap.pl\/gdynia\">Gdynia<\/a> | <a href=\"https:\/\/streetmap.pl\/gliwice\">Gliwice<\/a> | <a href=\"https:\/\/streetmap.pl\/gorzow\">Gorz\u00f3w Wlkp.<\/a> | <a href=\"https:\/\/streetmap.pl\/grudziadz\">Grudzi\u0105dz<\/a> | <a href=\"https:\/\/streetmap.pl\/jastrzebie-zdroj\">Jastrz\u0119bie-Zdr\u00f3j<\/a> | <a href=\"https:\/\/streetmap.pl\/jaworzno\">Jaworzno<\/a> | <a href=\"https:\/\/streetmap.pl\/jelenia-gora\">Jelenia G\u00f3ra<\/a> | <a href=\"https:\/\/streetmap.pl\/kalisz\">Kalisz<\/a> | <a href=\"https:\/\/streetmap.pl\/katowice\">Katowice<\/a> | <a href=\"https:\/\/streetmap.pl\/kielce\">Kielce<\/a> | <a href=\"https:\/\/streetmap.pl\/kolobrzeg\">Ko\u0142obrzeg<\/a> | <a href=\"https:\/\/streetmap.pl\/koszalin\">Koszalin<\/a> | <a href=\"https:\/\/streetmap.pl\/krakow\">Krak\u00f3w<\/a> | <a href=\"https:\/\/streetmap.pl\/legnica\">Legnica<\/a> | <a href=\"https:\/\/streetmap.pl\/lublin\">Lublin<\/a> | <a href=\"https:\/\/streetmap.pl\/lodz\">\u0141\u00f3d\u017a<\/a> | <a href=\"https:\/\/streetmap.pl\/myslowice\">Mys\u0142owice<\/a> | <a href=\"https:\/\/streetmap.pl\/nowysacz\">Nowy S\u0105cz<\/a> | <a href=\"https:\/\/streetmap.pl\/olsztyn\">Olsztyn<\/a> | <a href=\"https:\/\/streetmap.pl\/opole\">Opole<\/a> | <a href=\"https:\/\/streetmap.pl\/poznan\">Pozna\u0144<\/a> | <a href=\"https:\/\/streetmap.pl\/plock\">P\u0142ock<\/a> | <a href=\"https:\/\/streetmap.pl\/radom\">Radom<\/a> | <a href=\"https:\/\/streetmap.pl\/rudaslaska\">Ruda \u015al\u0105ska<\/a> | <a href=\"https:\/\/streetmap.pl\/rybnik\">Rybnik<\/a> | <a href=\"https:\/\/streetmap.pl\/rzeszow\">Rzesz\u00f3w<\/a> | <a href=\"https:\/\/streetmap.pl\/sosnowiec\">Sosnowiec<\/a> | <a href=\"https:\/\/streetmap.pl\/szczecin\">Szczecin<\/a> | <a href=\"https:\/\/streetmap.pl\/tarnow\">Tarn\u00f3w<\/a> | <a href=\"https:\/\/streetmap.pl\/torun\">Toru\u0144<\/a> | <a href=\"https:\/\/streetmap.pl\/tychy\">Tychy<\/a> | <a href=\"https:\/\/streetmap.pl\/walbrzych\">Wa\u0142brzych<\/a> | <a href=\"https:\/\/streetmap.pl\/warszawa\">Warszawa<\/a> | <a href=\"https:\/\/streetmap.pl\/wloclawek\">W\u0142oc\u0142awek<\/a> | <a href=\"https:\/\/streetmap.pl\/wroclaw\">Wroc\u0142aw<\/a> | <a href=\"https:\/\/streetmap.pl\/zabrze\">Zabrze<\/a> | <a href=\"https:\/\/streetmap.pl\/zakopane\">Zakopane<\/a> | <a href=\"https:\/\/streetmap.pl\/zielona_gora\">Zielona G\u00f3ra<\/a><\/p>\n","protected":false},"excerpt":{"rendered":"<p>Mapy najwi\u0119kszych miast w Polsce Be\u0142chat\u00f3w | Bia\u0142ystok | Bielsko-Bia\u0142a | Bydgoszcz | Bytom | Chorz\u00f3w | Cz\u0119stochowa | D\u0105browa G\u00f3rnicza | Elbl\u0105g | Gda\u0144sk | Gdynia | Gliwice | Gorz\u00f3w Wlkp. | Grudzi\u0105dz | Jastrz\u0119bie-Zdr\u00f3j | Jaworzno | Jelenia G\u00f3ra | Kalisz | Katowice | Kielce | Ko\u0142obrzeg | Koszalin | Krak\u00f3w | Legnica [&hellip;]<\/p>\n","protected":false},"author":1,"featured_media":404,"parent":0,"menu_order":0,"comment_status":"closed","ping_status":"closed","template":"","meta":{"footnotes":""},"class_list":["post-401","page","type-page","status-publish","has-post-thumbnail","hentry"],"yoast_head":"<!-- This site is optimized with the Yoast SEO plugin v27.2 - https:\/\/yoast.com\/product\/yoast-seo-wordpress\/ -->\n<title>Mapy miast<\/title>\n<meta name=\"description\" content=\"Mapy najwi\u0119kszych miast w Polsce. Plany Warszawy, Krakowa, \u0141odzi, Wroc\u0142awia, Poznania, Katowic i wielu innych.\" \/>\n<meta name=\"robots\" content=\"index, follow, max-snippet:-1, max-image-preview:large, max-video-preview:-1\" \/>\n<link rel=\"canonical\" href=\"http:\/\/mapa-tatr.com.pl\/szlaki\/mapy-miast\/\" \/>\n<meta property=\"og:locale\" content=\"pl_PL\" \/>\n<meta property=\"og:type\" content=\"article\" \/>\n<meta property=\"og:title\" content=\"Mapy miast\" \/>\n<meta property=\"og:description\" content=\"Mapy najwi\u0119kszych miast w Polsce. Plany Warszawy, Krakowa, \u0141odzi, Wroc\u0142awia, Poznania, Katowic i wielu innych.\" \/>\n<meta property=\"og:url\" content=\"http:\/\/mapa-tatr.com.pl\/szlaki\/mapy-miast\/\" \/>\n<meta property=\"og:site_name\" content=\"Tatry - mapa szlak&oacute;w\" \/>\n<meta property=\"article:modified_time\" content=\"2024-10-03T10:10:00+00:00\" \/>\n<meta property=\"og:image\" content=\"http:\/\/mapa-tatr.com.pl\/szlaki\/wp-content\/uploads\/2024\/10\/warszawa.jpg\" \/>\n\t<meta property=\"og:image:width\" content=\"600\" \/>\n\t<meta property=\"og:image:height\" content=\"421\" \/>\n\t<meta property=\"og:image:type\" content=\"image\/jpeg\" \/>\n<meta name=\"twitter:card\" content=\"summary_large_image\" \/>\n<meta name=\"twitter:label1\" content=\"Szacowany czas czytania\" \/>\n\t<meta name=\"twitter:data1\" content=\"1 minuta\" \/>\n<script type=\"application\/ld+json\" class=\"yoast-schema-graph\">{\"@context\":\"https:\/\/schema.org\",\"@graph\":[{\"@type\":\"WebPage\",\"@id\":\"http:\/\/mapa-tatr.com.pl\/szlaki\/mapy-miast\/\",\"url\":\"http:\/\/mapa-tatr.com.pl\/szlaki\/mapy-miast\/\",\"name\":\"Mapy miast\",\"isPartOf\":{\"@id\":\"http:\/\/mapa-tatr.com.pl\/szlaki\/#website\"},\"primaryImageOfPage\":{\"@id\":\"http:\/\/mapa-tatr.com.pl\/szlaki\/mapy-miast\/#primaryimage\"},\"image\":{\"@id\":\"http:\/\/mapa-tatr.com.pl\/szlaki\/mapy-miast\/#primaryimage\"},\"thumbnailUrl\":\"http:\/\/mapa-tatr.com.pl\/szlaki\/wp-content\/uploads\/2024\/10\/warszawa.jpg\",\"datePublished\":\"2024-10-03T10:02:36+00:00\",\"dateModified\":\"2024-10-03T10:10:00+00:00\",\"description\":\"Mapy najwi\u0119kszych miast w Polsce. Plany Warszawy, Krakowa, \u0141odzi, Wroc\u0142awia, Poznania, Katowic i wielu innych.\",\"breadcrumb\":{\"@id\":\"http:\/\/mapa-tatr.com.pl\/szlaki\/mapy-miast\/#breadcrumb\"},\"inLanguage\":\"pl-PL\",\"potentialAction\":[{\"@type\":\"ReadAction\",\"target\":[\"http:\/\/mapa-tatr.com.pl\/szlaki\/mapy-miast\/\"]}]},{\"@type\":\"ImageObject\",\"inLanguage\":\"pl-PL\",\"@id\":\"http:\/\/mapa-tatr.com.pl\/szlaki\/mapy-miast\/#primaryimage\",\"url\":\"http:\/\/mapa-tatr.com.pl\/szlaki\/wp-content\/uploads\/2024\/10\/warszawa.jpg\",\"contentUrl\":\"http:\/\/mapa-tatr.com.pl\/szlaki\/wp-content\/uploads\/2024\/10\/warszawa.jpg\",\"width\":600,\"height\":421,\"caption\":\"Mapy miast\"},{\"@type\":\"BreadcrumbList\",\"@id\":\"http:\/\/mapa-tatr.com.pl\/szlaki\/mapy-miast\/#breadcrumb\",\"itemListElement\":[{\"@type\":\"ListItem\",\"position\":1,\"name\":\"Strona g\u0142\u00f3wna\",\"item\":\"http:\/\/mapa-tatr.com.pl\/szlaki\/\"},{\"@type\":\"ListItem\",\"position\":2,\"name\":\"Mapy miast\"}]},{\"@type\":\"WebSite\",\"@id\":\"http:\/\/mapa-tatr.com.pl\/szlaki\/#website\",\"url\":\"http:\/\/mapa-tatr.com.pl\/szlaki\/\",\"name\":\"Tatry - mapa szlak&oacute;w\",\"description\":\"Tatrza\u0144skie szlaki w pigu\u0142ce\",\"publisher\":{\"@id\":\"http:\/\/mapa-tatr.com.pl\/szlaki\/#organization\"},\"potentialAction\":[{\"@type\":\"SearchAction\",\"target\":{\"@type\":\"EntryPoint\",\"urlTemplate\":\"http:\/\/mapa-tatr.com.pl\/szlaki\/?s={search_term_string}\"},\"query-input\":{\"@type\":\"PropertyValueSpecification\",\"valueRequired\":true,\"valueName\":\"search_term_string\"}}],\"inLanguage\":\"pl-PL\"},{\"@type\":\"Organization\",\"@id\":\"http:\/\/mapa-tatr.com.pl\/szlaki\/#organization\",\"name\":\"Tatry - mapa szlak&oacute;w\",\"url\":\"http:\/\/mapa-tatr.com.pl\/szlaki\/\",\"logo\":{\"@type\":\"ImageObject\",\"inLanguage\":\"pl-PL\",\"@id\":\"http:\/\/mapa-tatr.com.pl\/szlaki\/#\/schema\/logo\/image\/\",\"url\":\"http:\/\/mapa-tatr.com.pl\/szlaki\/wp-content\/uploads\/2022\/04\/cropped-logo_tatry_new-2.png\",\"contentUrl\":\"http:\/\/mapa-tatr.com.pl\/szlaki\/wp-content\/uploads\/2022\/04\/cropped-logo_tatry_new-2.png\",\"width\":248,\"height\":89,\"caption\":\"Tatry - mapa szlak&oacute;w\"},\"image\":{\"@id\":\"http:\/\/mapa-tatr.com.pl\/szlaki\/#\/schema\/logo\/image\/\"}}]}<\/script>\n<!-- \/ Yoast SEO plugin. -->","yoast_head_json":{"title":"Mapy miast","description":"Mapy najwi\u0119kszych miast w Polsce. Plany Warszawy, Krakowa, \u0141odzi, Wroc\u0142awia, Poznania, Katowic i wielu innych.","robots":{"index":"index","follow":"follow","max-snippet":"max-snippet:-1","max-image-preview":"max-image-preview:large","max-video-preview":"max-video-preview:-1"},"canonical":"http:\/\/mapa-tatr.com.pl\/szlaki\/mapy-miast\/","og_locale":"pl_PL","og_type":"article","og_title":"Mapy miast","og_description":"Mapy najwi\u0119kszych miast w Polsce. Plany Warszawy, Krakowa, \u0141odzi, Wroc\u0142awia, Poznania, Katowic i wielu innych.","og_url":"http:\/\/mapa-tatr.com.pl\/szlaki\/mapy-miast\/","og_site_name":"Tatry - mapa szlak&oacute;w","article_modified_time":"2024-10-03T10:10:00+00:00","og_image":[{"width":600,"height":421,"url":"http:\/\/mapa-tatr.com.pl\/szlaki\/wp-content\/uploads\/2024\/10\/warszawa.jpg","type":"image\/jpeg"}],"twitter_card":"summary_large_image","twitter_misc":{"Szacowany czas czytania":"1 minuta"},"schema":{"@context":"https:\/\/schema.org","@graph":[{"@type":"WebPage","@id":"http:\/\/mapa-tatr.com.pl\/szlaki\/mapy-miast\/","url":"http:\/\/mapa-tatr.com.pl\/szlaki\/mapy-miast\/","name":"Mapy miast","isPartOf":{"@id":"http:\/\/mapa-tatr.com.pl\/szlaki\/#website"},"primaryImageOfPage":{"@id":"http:\/\/mapa-tatr.com.pl\/szlaki\/mapy-miast\/#primaryimage"},"image":{"@id":"http:\/\/mapa-tatr.com.pl\/szlaki\/mapy-miast\/#primaryimage"},"thumbnailUrl":"http:\/\/mapa-tatr.com.pl\/szlaki\/wp-content\/uploads\/2024\/10\/warszawa.jpg","datePublished":"2024-10-03T10:02:36+00:00","dateModified":"2024-10-03T10:10:00+00:00","description":"Mapy najwi\u0119kszych miast w Polsce. Plany Warszawy, Krakowa, \u0141odzi, Wroc\u0142awia, Poznania, Katowic i wielu innych.","breadcrumb":{"@id":"http:\/\/mapa-tatr.com.pl\/szlaki\/mapy-miast\/#breadcrumb"},"inLanguage":"pl-PL","potentialAction":[{"@type":"ReadAction","target":["http:\/\/mapa-tatr.com.pl\/szlaki\/mapy-miast\/"]}]},{"@type":"ImageObject","inLanguage":"pl-PL","@id":"http:\/\/mapa-tatr.com.pl\/szlaki\/mapy-miast\/#primaryimage","url":"http:\/\/mapa-tatr.com.pl\/szlaki\/wp-content\/uploads\/2024\/10\/warszawa.jpg","contentUrl":"http:\/\/mapa-tatr.com.pl\/szlaki\/wp-content\/uploads\/2024\/10\/warszawa.jpg","width":600,"height":421,"caption":"Mapy miast"},{"@type":"BreadcrumbList","@id":"http:\/\/mapa-tatr.com.pl\/szlaki\/mapy-miast\/#breadcrumb","itemListElement":[{"@type":"ListItem","position":1,"name":"Strona g\u0142\u00f3wna","item":"http:\/\/mapa-tatr.com.pl\/szlaki\/"},{"@type":"ListItem","position":2,"name":"Mapy miast"}]},{"@type":"WebSite","@id":"http:\/\/mapa-tatr.com.pl\/szlaki\/#website","url":"http:\/\/mapa-tatr.com.pl\/szlaki\/","name":"Tatry - mapa szlak&oacute;w","description":"Tatrza\u0144skie szlaki w pigu\u0142ce","publisher":{"@id":"http:\/\/mapa-tatr.com.pl\/szlaki\/#organization"},"potentialAction":[{"@type":"SearchAction","target":{"@type":"EntryPoint","urlTemplate":"http:\/\/mapa-tatr.com.pl\/szlaki\/?s={search_term_string}"},"query-input":{"@type":"PropertyValueSpecification","valueRequired":true,"valueName":"search_term_string"}}],"inLanguage":"pl-PL"},{"@type":"Organization","@id":"http:\/\/mapa-tatr.com.pl\/szlaki\/#organization","name":"Tatry - mapa szlak&oacute;w","url":"http:\/\/mapa-tatr.com.pl\/szlaki\/","logo":{"@type":"ImageObject","inLanguage":"pl-PL","@id":"http:\/\/mapa-tatr.com.pl\/szlaki\/#\/schema\/logo\/image\/","url":"http:\/\/mapa-tatr.com.pl\/szlaki\/wp-content\/uploads\/2022\/04\/cropped-logo_tatry_new-2.png","contentUrl":"http:\/\/mapa-tatr.com.pl\/szlaki\/wp-content\/uploads\/2022\/04\/cropped-logo_tatry_new-2.png","width":248,"height":89,"caption":"Tatry - mapa szlak&oacute;w"},"image":{"@id":"http:\/\/mapa-tatr.com.pl\/szlaki\/#\/schema\/logo\/image\/"}}]}},"rttpg_featured_image_url":{"full":["http:\/\/mapa-tatr.com.pl\/szlaki\/wp-content\/uploads\/2024\/10\/warszawa.jpg",600,421,false],"landscape":["http:\/\/mapa-tatr.com.pl\/szlaki\/wp-content\/uploads\/2024\/10\/warszawa.jpg",600,421,false],"portraits":["http:\/\/mapa-tatr.com.pl\/szlaki\/wp-content\/uploads\/2024\/10\/warszawa.jpg",600,421,false],"thumbnail":["http:\/\/mapa-tatr.com.pl\/szlaki\/wp-content\/uploads\/2024\/10\/warszawa-150x150.jpg",150,150,true],"medium":["http:\/\/mapa-tatr.com.pl\/szlaki\/wp-content\/uploads\/2024\/10\/warszawa-300x211.jpg",300,211,true],"large":["http:\/\/mapa-tatr.com.pl\/szlaki\/wp-content\/uploads\/2024\/10\/warszawa.jpg",600,421,false],"1536x1536":["http:\/\/mapa-tatr.com.pl\/szlaki\/wp-content\/uploads\/2024\/10\/warszawa.jpg",600,421,false],"2048x2048":["http:\/\/mapa-tatr.com.pl\/szlaki\/wp-content\/uploads\/2024\/10\/warszawa.jpg",600,421,false]},"rttpg_author":{"display_name":false,"author_link":"http:\/\/mapa-tatr.com.pl\/szlaki\/author\/admin\/"},"rttpg_comment":0,"rttpg_category":null,"rttpg_excerpt":"Mapy najwi\u0119kszych miast w Polsce Be\u0142chat\u00f3w | Bia\u0142ystok | Bielsko-Bia\u0142a | Bydgoszcz | Bytom | Chorz\u00f3w | Cz\u0119stochowa | D\u0105browa G\u00f3rnicza | Elbl\u0105g | Gda\u0144sk | Gdynia | Gliwice | Gorz\u00f3w Wlkp. | Grudzi\u0105dz | Jastrz\u0119bie-Zdr\u00f3j | Jaworzno | Jelenia G\u00f3ra | Kalisz | Katowice | Kielce | Ko\u0142obrzeg | Koszalin | Krak\u00f3w | Legnica&hellip;","_links":{"self":[{"href":"http:\/\/mapa-tatr.com.pl\/szlaki\/wp-json\/wp\/v2\/pages\/401","targetHints":{"allow":["GET"]}}],"collection":[{"href":"http:\/\/mapa-tatr.com.pl\/szlaki\/wp-json\/wp\/v2\/pages"}],"about":[{"href":"http:\/\/mapa-tatr.com.pl\/szlaki\/wp-json\/wp\/v2\/types\/page"}],"author":[{"embeddable":true,"href":"http:\/\/mapa-tatr.com.pl\/szlaki\/wp-json\/wp\/v2\/users\/1"}],"replies":[{"embeddable":true,"href":"http:\/\/mapa-tatr.com.pl\/szlaki\/wp-json\/wp\/v2\/comments?post=401"}],"version-history":[{"count":3,"href":"http:\/\/mapa-tatr.com.pl\/szlaki\/wp-json\/wp\/v2\/pages\/401\/revisions"}],"predecessor-version":[{"id":407,"href":"http:\/\/mapa-tatr.com.pl\/szlaki\/wp-json\/wp\/v2\/pages\/401\/revisions\/407"}],"wp:featuredmedia":[{"embeddable":true,"href":"http:\/\/mapa-tatr.com.pl\/szlaki\/wp-json\/wp\/v2\/media\/404"}],"wp:attachment":[{"href":"http:\/\/mapa-tatr.com.pl\/szlaki\/wp-json\/wp\/v2\/media?parent=401"}],"curies":[{"name":"wp","href":"https:\/\/api.w.org\/{rel}","templated":true}]}}